{"id":243,"date":"2018-12-06T14:30:49","date_gmt":"2018-12-06T13:30:49","guid":{"rendered":"https:\/\/manumana.de\/?page_id=243"},"modified":"2025-05-08T19:51:59","modified_gmt":"2025-05-08T17:51:59","slug":"therapien-start","status":"publish","type":"page","link":"https:\/\/manumana.de\/index.php\/therapien-start\/","title":{"rendered":"Therapien (Start)"},"content":{"rendered":"<h1>Therapien<\/h1>\n<div class=\"organic-column one-half\">\n<img decoding=\"async\" class=\"alignnone wp-image-1155 size-full lazyload\" data-src=\"https:\/\/manumana.de\/wp-content\/uploads\/2019\/10\/Praxis.jpg\" alt=\"\" width=\"4032\" height=\"3024\" data-srcset=\"https:\/\/manumana.de\/wp-content\/uploads\/2019\/10\/Praxis.jpg 4032w, https:\/\/manumana.de\/wp-content\/uploads\/2019\/10\/Praxis-300x225.jpg 300w, https:\/\/manumana.de\/wp-content\/uploads\/2019\/10\/Praxis-768x576.jpg 768w, https:\/\/manumana.de\/wp-content\/uploads\/2019\/10\/Praxis-1024x768.jpg 1024w, https:\/\/manumana.de\/wp-content\/uploads\/2019\/10\/Praxis-1600x1200.jpg 1600w, https:\/\/manumana.de\/wp-content\/uploads\/2019\/10\/Praxis-960x720.jpg 960w\" data-sizes=\"(max-width: 4032px) 100vw, 4032px\" src=\"data:image\/svg+xml;base64,PHN2ZyB3aWR0aD0iMSIgaGVpZ2h0PSIxIiB4bWxucz0iaHR0cDovL3d3dy53My5vcmcvMjAwMC9zdmciPjwvc3ZnPg==\" style=\"--smush-placeholder-width: 4032px; --smush-placeholder-aspect-ratio: 4032\/3024;\" \/><br \/>\n<\/div>\n<div class=\"organic-column one-half last\">\n<p><strong>Anwendungsgebiete:<\/strong> Nacken-, Kopf- und R\u00fcckenschmerzen, Gelenkschmerzen, Ischialgie (Ischias), Migr\u00e4ne, Schlafst\u00f6rungen, Kiefergelenksprobleme, Allergien, Verspannungen, Stresszust\u00e4nden, Burnout, Bluthochdruck, Depressionen, Emotionaler- oder psychischer Stress.<\/p>\n<p><strong>Alternative Diagnose- und Heilverfahren:\u00a0<\/strong>Die Behandlung erfolgt durch k\u00f6rperorientierte Behandlungen, bestehend aus sanftem K\u00f6rperkontakt, der von einem empathischen Zuh\u00f6ren auf k\u00f6rperlicher und seelischer Ebene \u00a0geleitet wird.\u00a0<strong>Lehre Deinen K\u00f6rper, sich tief und nachhaltig an seine angeborene Gesundheit zu erinnern!<\/strong><\/p>\n<div class=\"btn-container align-left\"><a  class=\"organic-btn red-btn medium-btn align-left\" href=\"https:\/\/manumana.de\/index.php\/tvm\/\"><span class=\"btn-holder\">Trauma Therapie TVM\u2122<\/span><\/a><\/div><div class=\"btn-container align-left\"><a  class=\"organic-btn cyan-btn medium-btn align-left\" href=\"https:\/\/manumana.de\/index.php\/craniosacrale-koerpertherapie\/\"><span class=\"btn-holder\">Craniosacrale K\u00f6rpertherapie<\/span><\/a><\/div>\n<\/div><div class=\"clearboth\"><\/div>\n","protected":false},"excerpt":{"rendered":"<p>Therapien<\/p>\n","protected":false},"author":2,"featured_media":0,"parent":0,"menu_order":0,"comment_status":"closed","ping_status":"closed","template":"","meta":{"footnotes":""},"class_list":["post-243","page","type-page","status-publish","hentry"],"yoast_head":"<!-- This site is optimized with the Yoast SEO plugin v27.5 - https:\/\/yoast.com\/product\/yoast-seo-wordpress\/ -->\n<title>Therapien (Start) &#8211; ManuMana | time to be<\/title>\n<meta name=\"description\" content=\"Heilpraktiker Therapie\" \/>\n<meta name=\"robots\" content=\"index, follow, max-snippet:-1, max-image-preview:large, max-video-preview:-1\" \/>\n<link rel=\"canonical\" href=\"https:\/\/manumana.de\/index.php\/therapien-start\/\" \/>\n<meta property=\"og:locale\" content=\"de_DE\" \/>\n<meta property=\"og:type\" content=\"article\" \/>\n<meta property=\"og:title\" content=\"Therapien (Start) &#8211; ManuMana | time to be\" \/>\n<meta property=\"og:description\" content=\"Heilpraktiker Therapie\" \/>\n<meta property=\"og:url\" content=\"https:\/\/manumana.de\/index.php\/therapien-start\/\" \/>\n<meta property=\"og:site_name\" content=\"ManuMana | time to be\" \/>\n<meta property=\"article:modified_time\" content=\"2025-05-08T17:51:59+00:00\" \/>\n<meta property=\"og:image\" content=\"https:\/\/manumana.de\/wp-content\/uploads\/2019\/10\/Praxis.jpg\" \/>\n\t<meta property=\"og:image:width\" content=\"4032\" \/>\n\t<meta property=\"og:image:height\" content=\"3024\" \/>\n\t<meta property=\"og:image:type\" content=\"image\/jpeg\" \/>\n<meta name=\"twitter:card\" content=\"summary_large_image\" \/>\n<meta name=\"twitter:label1\" content=\"Gesch\u00e4tzte Lesezeit\" \/>\n\t<meta name=\"twitter:data1\" content=\"1\u00a0Minute\" \/>\n<script type=\"application\/ld+json\" class=\"yoast-schema-graph\">{\"@context\":\"https:\\\/\\\/schema.org\",\"@graph\":[{\"@type\":\"WebPage\",\"@id\":\"https:\\\/\\\/manumana.de\\\/index.php\\\/therapien-start\\\/\",\"url\":\"https:\\\/\\\/manumana.de\\\/index.php\\\/therapien-start\\\/\",\"name\":\"Therapien (Start) &#8211; ManuMana | time to be\",\"isPartOf\":{\"@id\":\"https:\\\/\\\/manumana.de\\\/#website\"},\"primaryImageOfPage\":{\"@id\":\"https:\\\/\\\/manumana.de\\\/index.php\\\/therapien-start\\\/#primaryimage\"},\"image\":{\"@id\":\"https:\\\/\\\/manumana.de\\\/index.php\\\/therapien-start\\\/#primaryimage\"},\"thumbnailUrl\":\"https:\\\/\\\/manumana.de\\\/wp-content\\\/uploads\\\/2019\\\/10\\\/Praxis.jpg\",\"datePublished\":\"2018-12-06T13:30:49+00:00\",\"dateModified\":\"2025-05-08T17:51:59+00:00\",\"description\":\"Heilpraktiker Therapie\",\"breadcrumb\":{\"@id\":\"https:\\\/\\\/manumana.de\\\/index.php\\\/therapien-start\\\/#breadcrumb\"},\"inLanguage\":\"de\",\"potentialAction\":[{\"@type\":\"ReadAction\",\"target\":[\"https:\\\/\\\/manumana.de\\\/index.php\\\/therapien-start\\\/\"]}]},{\"@type\":\"ImageObject\",\"inLanguage\":\"de\",\"@id\":\"https:\\\/\\\/manumana.de\\\/index.php\\\/therapien-start\\\/#primaryimage\",\"url\":\"https:\\\/\\\/manumana.de\\\/wp-content\\\/uploads\\\/2019\\\/10\\\/Praxis.jpg\",\"contentUrl\":\"https:\\\/\\\/manumana.de\\\/wp-content\\\/uploads\\\/2019\\\/10\\\/Praxis.jpg\",\"width\":4032,\"height\":3024},{\"@type\":\"BreadcrumbList\",\"@id\":\"https:\\\/\\\/manumana.de\\\/index.php\\\/therapien-start\\\/#breadcrumb\",\"itemListElement\":[{\"@type\":\"ListItem\",\"position\":1,\"name\":\"Startseite\",\"item\":\"https:\\\/\\\/manumana.de\\\/\"},{\"@type\":\"ListItem\",\"position\":2,\"name\":\"Therapien (Start)\"}]},{\"@type\":\"WebSite\",\"@id\":\"https:\\\/\\\/manumana.de\\\/#website\",\"url\":\"https:\\\/\\\/manumana.de\\\/\",\"name\":\"ManuMana | time to be\",\"description\":\"\",\"publisher\":{\"@id\":\"https:\\\/\\\/manumana.de\\\/#\\\/schema\\\/person\\\/908ff8c8a0370036dd02c5902e448f8a\"},\"potentialAction\":[{\"@type\":\"SearchAction\",\"target\":{\"@type\":\"EntryPoint\",\"urlTemplate\":\"https:\\\/\\\/manumana.de\\\/?s={search_term_string}\"},\"query-input\":{\"@type\":\"PropertyValueSpecification\",\"valueRequired\":true,\"valueName\":\"search_term_string\"}}],\"inLanguage\":\"de\"},{\"@type\":[\"Person\",\"Organization\"],\"@id\":\"https:\\\/\\\/manumana.de\\\/#\\\/schema\\\/person\\\/908ff8c8a0370036dd02c5902e448f8a\",\"name\":\"manu\",\"image\":{\"@type\":\"ImageObject\",\"inLanguage\":\"de\",\"@id\":\"https:\\\/\\\/secure.gravatar.com\\\/avatar\\\/661ad3eaf14f9eb2bc2914165f5c9bee1dee89730913874b488f720196987943?s=96&d=wavatar&r=g\",\"url\":\"https:\\\/\\\/secure.gravatar.com\\\/avatar\\\/661ad3eaf14f9eb2bc2914165f5c9bee1dee89730913874b488f720196987943?s=96&d=wavatar&r=g\",\"contentUrl\":\"https:\\\/\\\/secure.gravatar.com\\\/avatar\\\/661ad3eaf14f9eb2bc2914165f5c9bee1dee89730913874b488f720196987943?s=96&d=wavatar&r=g\",\"caption\":\"manu\"},\"logo\":{\"@id\":\"https:\\\/\\\/secure.gravatar.com\\\/avatar\\\/661ad3eaf14f9eb2bc2914165f5c9bee1dee89730913874b488f720196987943?s=96&d=wavatar&r=g\"}}]}<\/script>\n<!-- \/ Yoast SEO plugin. -->","yoast_head_json":{"title":"Therapien (Start) &#8211; ManuMana | time to be","description":"Heilpraktiker Therapie","robots":{"index":"index","follow":"follow","max-snippet":"max-snippet:-1","max-image-preview":"max-image-preview:large","max-video-preview":"max-video-preview:-1"},"canonical":"https:\/\/manumana.de\/index.php\/therapien-start\/","og_locale":"de_DE","og_type":"article","og_title":"Therapien (Start) &#8211; ManuMana | time to be","og_description":"Heilpraktiker Therapie","og_url":"https:\/\/manumana.de\/index.php\/therapien-start\/","og_site_name":"ManuMana | time to be","article_modified_time":"2025-05-08T17:51:59+00:00","og_image":[{"width":4032,"height":3024,"url":"https:\/\/manumana.de\/wp-content\/uploads\/2019\/10\/Praxis.jpg","type":"image\/jpeg"}],"twitter_card":"summary_large_image","twitter_misc":{"Gesch\u00e4tzte Lesezeit":"1\u00a0Minute"},"schema":{"@context":"https:\/\/schema.org","@graph":[{"@type":"WebPage","@id":"https:\/\/manumana.de\/index.php\/therapien-start\/","url":"https:\/\/manumana.de\/index.php\/therapien-start\/","name":"Therapien (Start) &#8211; ManuMana | time to be","isPartOf":{"@id":"https:\/\/manumana.de\/#website"},"primaryImageOfPage":{"@id":"https:\/\/manumana.de\/index.php\/therapien-start\/#primaryimage"},"image":{"@id":"https:\/\/manumana.de\/index.php\/therapien-start\/#primaryimage"},"thumbnailUrl":"https:\/\/manumana.de\/wp-content\/uploads\/2019\/10\/Praxis.jpg","datePublished":"2018-12-06T13:30:49+00:00","dateModified":"2025-05-08T17:51:59+00:00","description":"Heilpraktiker Therapie","breadcrumb":{"@id":"https:\/\/manumana.de\/index.php\/therapien-start\/#breadcrumb"},"inLanguage":"de","potentialAction":[{"@type":"ReadAction","target":["https:\/\/manumana.de\/index.php\/therapien-start\/"]}]},{"@type":"ImageObject","inLanguage":"de","@id":"https:\/\/manumana.de\/index.php\/therapien-start\/#primaryimage","url":"https:\/\/manumana.de\/wp-content\/uploads\/2019\/10\/Praxis.jpg","contentUrl":"https:\/\/manumana.de\/wp-content\/uploads\/2019\/10\/Praxis.jpg","width":4032,"height":3024},{"@type":"BreadcrumbList","@id":"https:\/\/manumana.de\/index.php\/therapien-start\/#breadcrumb","itemListElement":[{"@type":"ListItem","position":1,"name":"Startseite","item":"https:\/\/manumana.de\/"},{"@type":"ListItem","position":2,"name":"Therapien (Start)"}]},{"@type":"WebSite","@id":"https:\/\/manumana.de\/#website","url":"https:\/\/manumana.de\/","name":"ManuMana | time to be","description":"","publisher":{"@id":"https:\/\/manumana.de\/#\/schema\/person\/908ff8c8a0370036dd02c5902e448f8a"},"potentialAction":[{"@type":"SearchAction","target":{"@type":"EntryPoint","urlTemplate":"https:\/\/manumana.de\/?s={search_term_string}"},"query-input":{"@type":"PropertyValueSpecification","valueRequired":true,"valueName":"search_term_string"}}],"inLanguage":"de"},{"@type":["Person","Organization"],"@id":"https:\/\/manumana.de\/#\/schema\/person\/908ff8c8a0370036dd02c5902e448f8a","name":"manu","image":{"@type":"ImageObject","inLanguage":"de","@id":"https:\/\/secure.gravatar.com\/avatar\/661ad3eaf14f9eb2bc2914165f5c9bee1dee89730913874b488f720196987943?s=96&d=wavatar&r=g","url":"https:\/\/secure.gravatar.com\/avatar\/661ad3eaf14f9eb2bc2914165f5c9bee1dee89730913874b488f720196987943?s=96&d=wavatar&r=g","contentUrl":"https:\/\/secure.gravatar.com\/avatar\/661ad3eaf14f9eb2bc2914165f5c9bee1dee89730913874b488f720196987943?s=96&d=wavatar&r=g","caption":"manu"},"logo":{"@id":"https:\/\/secure.gravatar.com\/avatar\/661ad3eaf14f9eb2bc2914165f5c9bee1dee89730913874b488f720196987943?s=96&d=wavatar&r=g"}}]}},"_links":{"self":[{"href":"https:\/\/manumana.de\/index.php\/wp-json\/wp\/v2\/pages\/243","targetHints":{"allow":["GET"]}}],"collection":[{"href":"https:\/\/manumana.de\/index.php\/wp-json\/wp\/v2\/pages"}],"about":[{"href":"https:\/\/manumana.de\/index.php\/wp-json\/wp\/v2\/types\/page"}],"author":[{"embeddable":true,"href":"https:\/\/manumana.de\/index.php\/wp-json\/wp\/v2\/users\/2"}],"replies":[{"embeddable":true,"href":"https:\/\/manumana.de\/index.php\/wp-json\/wp\/v2\/comments?post=243"}],"version-history":[{"count":33,"href":"https:\/\/manumana.de\/index.php\/wp-json\/wp\/v2\/pages\/243\/revisions"}],"predecessor-version":[{"id":1763,"href":"https:\/\/manumana.de\/index.php\/wp-json\/wp\/v2\/pages\/243\/revisions\/1763"}],"wp:attachment":[{"href":"https:\/\/manumana.de\/index.php\/wp-json\/wp\/v2\/media?parent=243"}],"curies":[{"name":"wp","href":"https:\/\/api.w.org\/{rel}","templated":true}]}}