{"id":284,"date":"2018-12-06T15:15:09","date_gmt":"2018-12-06T14:15:09","guid":{"rendered":"https:\/\/manumana.de\/?page_id=284"},"modified":"2025-04-29T18:45:01","modified_gmt":"2025-04-29T16:45:01","slug":"massagen-uebersicht","status":"publish","type":"page","link":"https:\/\/manumana.de\/index.php\/massagen-uebersicht\/","title":{"rendered":"Massagen"},"content":{"rendered":"<p><img decoding=\"async\" width=\"5312\" height=\"2988\" class=\"alignnone size-full wp-image-1214 lazyload\" data-src=\"https:\/\/manumana.de\/wp-content\/uploads\/2019\/10\/20161025_115111.jpg\" alt=\"\" data-srcset=\"https:\/\/manumana.de\/wp-content\/uploads\/2019\/10\/20161025_115111.jpg 5312w, https:\/\/manumana.de\/wp-content\/uploads\/2019\/10\/20161025_115111-300x169.jpg 300w, https:\/\/manumana.de\/wp-content\/uploads\/2019\/10\/20161025_115111-768x432.jpg 768w, https:\/\/manumana.de\/wp-content\/uploads\/2019\/10\/20161025_115111-1024x576.jpg 1024w, https:\/\/manumana.de\/wp-content\/uploads\/2019\/10\/20161025_115111-1800x1013.jpg 1800w, https:\/\/manumana.de\/wp-content\/uploads\/2019\/10\/20161025_115111-960x540.jpg 960w, https:\/\/manumana.de\/wp-content\/uploads\/2019\/10\/20161025_115111-1320x743.jpg 1320w\" data-sizes=\"(max-width: 5312px) 100vw, 5312px\" src=\"data:image\/svg+xml;base64,PHN2ZyB3aWR0aD0iMSIgaGVpZ2h0PSIxIiB4bWxucz0iaHR0cDovL3d3dy53My5vcmcvMjAwMC9zdmciPjwvc3ZnPg==\" style=\"--smush-placeholder-width: 5312px; --smush-placeholder-aspect-ratio: 5312\/2988;\" \/><\/p>\n<p class=\"\" data-start=\"148\" data-end=\"204\"><strong data-start=\"148\" data-end=\"204\">Massage-Angebote \u2013 inspiriert von den Inseln Hawaiis<\/strong><\/p>\n<p class=\"\" data-start=\"206\" data-end=\"522\">Neben meiner T\u00e4tigkeit als Heilpraktikerin biete ich weiterhin wohltuende und therapeutisch wirksame Massagen an. Gepr\u00e4gt von meinen Reisen und Weiterbildungen \u2013 besonders auf Hawaii \u2013 habe ich den Massagen die Namen der hawaiianischen Inseln gegeben. Jede Massage tr\u00e4gt die Energie und Qualit\u00e4t ihrer Insel in sich:<\/p>\n<p class=\"\" data-start=\"524\" data-end=\"634\">\ud83c\udf3a <strong><a href=\"https:\/\/manumana.de\/index.php\/hawaii-massage\/\">Hawaii (LomiLomi-Massage)<\/a><\/strong><br data-start=\"560\" data-end=\"563\" \/>Die K\u00f6nigin unter den Massagen: flie\u00dfend, tief n\u00e4hrend und herz\u00f6ffnend.<\/p>\n<p class=\"\" data-start=\"636\" data-end=\"761\">\ud83c\udf34 <strong><a href=\"https:\/\/manumana.de\/index.php\/maui-massage\/\">Maui (ManuMana-Massage)<\/a><\/strong><br data-start=\"668\" data-end=\"671\" \/>Meine eigene Kombination aus intuitiver Ber\u00fchrung, energetischer Arbeit und tiefem Sp\u00fcren.<\/p>\n<p class=\"\" data-start=\"763\" data-end=\"859\">\ud83d\ude97 <strong><a href=\"https:\/\/manumana.de\/index.php\/lanai-massage\/\">Lanai (Mobile Massagen)<\/a><\/strong><br data-start=\"795\" data-end=\"798\" \/>Entspannung bei dir zu Hause oder im B\u00fcro \u2013 ich komme zu dir!<\/p>\n<p class=\"\" data-start=\"861\" data-end=\"975\">\ud83e\uddb6 <strong><a href=\"https:\/\/manumana.de\/index.php\/molokai-massage\/\">Molokai (Hand-, F\u00fc\u00dfe- oder Kopfmassage)<\/a><\/strong><br data-start=\"909\" data-end=\"912\" \/>Ideal f\u00fcr zwischendurch \u2013 bringt Leichtigkeit und neue Energie.<\/p>\n<p class=\"\" data-start=\"977\" data-end=\"1132\">\ud83c\udf3a<strong><a href=\"https:\/\/manumana.de\/index.php\/oahu-massage\/\">Oahu (Tantric conscious touch massage &#8211; nur f\u00fcr Frauen!)<\/a><\/strong><br data-start=\"1044\" data-end=\"1047\" \/>Bewusste, achtsame Ber\u00fchrung mit viel Raum f\u00fcr dich \u2013 n\u00e4hrend, sicher und tiefgehend.<\/p>\n<p class=\"\" data-start=\"1134\" data-end=\"1334\">\ud83c\udf38 <strong><a href=\"https:\/\/manumana.de\/index.php\/kauai-massage\/\">Kauai (Yoni Massage)<\/a><\/strong><br data-start=\"1164\" data-end=\"1167\" \/>Eine Einladung zur R\u00fcckverbindung mit deiner weiblichen Kraft \u2013 respektvoll, heilsam und transformierend.<br data-start=\"1272\" data-end=\"1275\" \/>\ud83d\udc49 Aktuelles Er\u00f6ffnungsangebot: <strong data-start=\"1307\" data-end=\"1334\">statt 333 \u20ac jetzt 222 \u20ac<\/strong><\/p>\n<p class=\"\" data-start=\"1336\" data-end=\"1451\">\u2728 <strong><a href=\"https:\/\/manumana.de\/index.php\/nihau-massage\/\">Nihau (Energetische Massage)<\/a><\/strong><br data-start=\"1374\" data-end=\"1377\" \/>Feine, intuitive Energiearbeit zur Harmonisierung deines gesamten Systems.<\/p>\n","protected":false},"excerpt":{"rendered":"<p>Massage-Angebote \u2013 inspiriert von den Inseln Hawaiis Neben meiner T\u00e4tigkeit als Heilpraktikerin biete ich weiterhin wohltuende und therapeutisch wirksame Massagen an. Gepr\u00e4gt von meinen Reisen und Weiterbildungen \u2013 besonders auf Hawaii \u2013 habe ich den Massagen die Namen&#8230; <a class=\"read-more\" href=\"https:\/\/manumana.de\/index.php\/massagen-uebersicht\/\">Weiterlesen<\/a><\/p>\n","protected":false},"author":2,"featured_media":0,"parent":0,"menu_order":0,"comment_status":"closed","ping_status":"closed","template":"","meta":{"footnotes":""},"class_list":["post-284","page","type-page","status-publish","hentry"],"yoast_head":"<!-- This site is optimized with the Yoast SEO plugin v27.5 - https:\/\/yoast.com\/product\/yoast-seo-wordpress\/ -->\n<title>Massagen &#8211; ManuMana | time to be<\/title>\n<meta name=\"description\" content=\"Massagen mit Aloha-Spirit: LomiLomi, Tantra, Yoni Massage, Energiearbeit &amp; mobile Massagen \u2013 inspiriert von Hawaiis Inseln, heilend f\u00fcr K\u00f6rper und Seele.\" \/>\n<meta name=\"robots\" content=\"index, follow, max-snippet:-1, max-image-preview:large, max-video-preview:-1\" \/>\n<link rel=\"canonical\" href=\"https:\/\/manumana.de\/index.php\/massagen-uebersicht\/\" \/>\n<meta property=\"og:locale\" content=\"de_DE\" \/>\n<meta property=\"og:type\" content=\"article\" \/>\n<meta property=\"og:title\" content=\"Massagen &#8211; ManuMana | time to be\" \/>\n<meta property=\"og:description\" content=\"Massagen mit Aloha-Spirit: LomiLomi, Tantra, Yoni Massage, Energiearbeit &amp; mobile Massagen \u2013 inspiriert von Hawaiis Inseln, heilend f\u00fcr K\u00f6rper und Seele.\" \/>\n<meta property=\"og:url\" content=\"https:\/\/manumana.de\/index.php\/massagen-uebersicht\/\" \/>\n<meta property=\"og:site_name\" content=\"ManuMana | time to be\" \/>\n<meta property=\"article:modified_time\" content=\"2025-04-29T16:45:01+00:00\" \/>\n<meta property=\"og:image\" content=\"https:\/\/manumana.de\/wp-content\/uploads\/2019\/10\/20161025_115111.jpg\" \/>\n<meta name=\"twitter:card\" content=\"summary_large_image\" \/>\n<meta name=\"twitter:label1\" content=\"Gesch\u00e4tzte Lesezeit\" \/>\n\t<meta name=\"twitter:data1\" content=\"2\u00a0Minuten\" \/>\n<script type=\"application\/ld+json\" class=\"yoast-schema-graph\">{\"@context\":\"https:\\\/\\\/schema.org\",\"@graph\":[{\"@type\":\"WebPage\",\"@id\":\"https:\\\/\\\/manumana.de\\\/index.php\\\/massagen-uebersicht\\\/\",\"url\":\"https:\\\/\\\/manumana.de\\\/index.php\\\/massagen-uebersicht\\\/\",\"name\":\"Massagen &#8211; ManuMana | time to be\",\"isPartOf\":{\"@id\":\"https:\\\/\\\/manumana.de\\\/#website\"},\"primaryImageOfPage\":{\"@id\":\"https:\\\/\\\/manumana.de\\\/index.php\\\/massagen-uebersicht\\\/#primaryimage\"},\"image\":{\"@id\":\"https:\\\/\\\/manumana.de\\\/index.php\\\/massagen-uebersicht\\\/#primaryimage\"},\"thumbnailUrl\":\"https:\\\/\\\/manumana.de\\\/wp-content\\\/uploads\\\/2019\\\/10\\\/20161025_115111.jpg\",\"datePublished\":\"2018-12-06T14:15:09+00:00\",\"dateModified\":\"2025-04-29T16:45:01+00:00\",\"description\":\"Massagen mit Aloha-Spirit: LomiLomi, Tantra, Yoni Massage, Energiearbeit & mobile Massagen \u2013 inspiriert von Hawaiis Inseln, heilend f\u00fcr K\u00f6rper und Seele.\",\"breadcrumb\":{\"@id\":\"https:\\\/\\\/manumana.de\\\/index.php\\\/massagen-uebersicht\\\/#breadcrumb\"},\"inLanguage\":\"de\",\"potentialAction\":[{\"@type\":\"ReadAction\",\"target\":[\"https:\\\/\\\/manumana.de\\\/index.php\\\/massagen-uebersicht\\\/\"]}]},{\"@type\":\"ImageObject\",\"inLanguage\":\"de\",\"@id\":\"https:\\\/\\\/manumana.de\\\/index.php\\\/massagen-uebersicht\\\/#primaryimage\",\"url\":\"https:\\\/\\\/manumana.de\\\/wp-content\\\/uploads\\\/2019\\\/10\\\/20161025_115111.jpg\",\"contentUrl\":\"https:\\\/\\\/manumana.de\\\/wp-content\\\/uploads\\\/2019\\\/10\\\/20161025_115111.jpg\",\"width\":5312,\"height\":2988},{\"@type\":\"BreadcrumbList\",\"@id\":\"https:\\\/\\\/manumana.de\\\/index.php\\\/massagen-uebersicht\\\/#breadcrumb\",\"itemListElement\":[{\"@type\":\"ListItem\",\"position\":1,\"name\":\"Startseite\",\"item\":\"https:\\\/\\\/manumana.de\\\/\"},{\"@type\":\"ListItem\",\"position\":2,\"name\":\"Massagen\"}]},{\"@type\":\"WebSite\",\"@id\":\"https:\\\/\\\/manumana.de\\\/#website\",\"url\":\"https:\\\/\\\/manumana.de\\\/\",\"name\":\"ManuMana | time to be\",\"description\":\"\",\"publisher\":{\"@id\":\"https:\\\/\\\/manumana.de\\\/#\\\/schema\\\/person\\\/908ff8c8a0370036dd02c5902e448f8a\"},\"potentialAction\":[{\"@type\":\"SearchAction\",\"target\":{\"@type\":\"EntryPoint\",\"urlTemplate\":\"https:\\\/\\\/manumana.de\\\/?s={search_term_string}\"},\"query-input\":{\"@type\":\"PropertyValueSpecification\",\"valueRequired\":true,\"valueName\":\"search_term_string\"}}],\"inLanguage\":\"de\"},{\"@type\":[\"Person\",\"Organization\"],\"@id\":\"https:\\\/\\\/manumana.de\\\/#\\\/schema\\\/person\\\/908ff8c8a0370036dd02c5902e448f8a\",\"name\":\"manu\",\"image\":{\"@type\":\"ImageObject\",\"inLanguage\":\"de\",\"@id\":\"https:\\\/\\\/secure.gravatar.com\\\/avatar\\\/661ad3eaf14f9eb2bc2914165f5c9bee1dee89730913874b488f720196987943?s=96&d=wavatar&r=g\",\"url\":\"https:\\\/\\\/secure.gravatar.com\\\/avatar\\\/661ad3eaf14f9eb2bc2914165f5c9bee1dee89730913874b488f720196987943?s=96&d=wavatar&r=g\",\"contentUrl\":\"https:\\\/\\\/secure.gravatar.com\\\/avatar\\\/661ad3eaf14f9eb2bc2914165f5c9bee1dee89730913874b488f720196987943?s=96&d=wavatar&r=g\",\"caption\":\"manu\"},\"logo\":{\"@id\":\"https:\\\/\\\/secure.gravatar.com\\\/avatar\\\/661ad3eaf14f9eb2bc2914165f5c9bee1dee89730913874b488f720196987943?s=96&d=wavatar&r=g\"}}]}<\/script>\n<!-- \/ Yoast SEO plugin. -->","yoast_head_json":{"title":"Massagen &#8211; ManuMana | time to be","description":"Massagen mit Aloha-Spirit: LomiLomi, Tantra, Yoni Massage, Energiearbeit & mobile Massagen \u2013 inspiriert von Hawaiis Inseln, heilend f\u00fcr K\u00f6rper und Seele.","robots":{"index":"index","follow":"follow","max-snippet":"max-snippet:-1","max-image-preview":"max-image-preview:large","max-video-preview":"max-video-preview:-1"},"canonical":"https:\/\/manumana.de\/index.php\/massagen-uebersicht\/","og_locale":"de_DE","og_type":"article","og_title":"Massagen &#8211; ManuMana | time to be","og_description":"Massagen mit Aloha-Spirit: LomiLomi, Tantra, Yoni Massage, Energiearbeit & mobile Massagen \u2013 inspiriert von Hawaiis Inseln, heilend f\u00fcr K\u00f6rper und Seele.","og_url":"https:\/\/manumana.de\/index.php\/massagen-uebersicht\/","og_site_name":"ManuMana | time to be","article_modified_time":"2025-04-29T16:45:01+00:00","og_image":[{"url":"https:\/\/manumana.de\/wp-content\/uploads\/2019\/10\/20161025_115111.jpg","type":"","width":"","height":""}],"twitter_card":"summary_large_image","twitter_misc":{"Gesch\u00e4tzte Lesezeit":"2\u00a0Minuten"},"schema":{"@context":"https:\/\/schema.org","@graph":[{"@type":"WebPage","@id":"https:\/\/manumana.de\/index.php\/massagen-uebersicht\/","url":"https:\/\/manumana.de\/index.php\/massagen-uebersicht\/","name":"Massagen &#8211; ManuMana | time to be","isPartOf":{"@id":"https:\/\/manumana.de\/#website"},"primaryImageOfPage":{"@id":"https:\/\/manumana.de\/index.php\/massagen-uebersicht\/#primaryimage"},"image":{"@id":"https:\/\/manumana.de\/index.php\/massagen-uebersicht\/#primaryimage"},"thumbnailUrl":"https:\/\/manumana.de\/wp-content\/uploads\/2019\/10\/20161025_115111.jpg","datePublished":"2018-12-06T14:15:09+00:00","dateModified":"2025-04-29T16:45:01+00:00","description":"Massagen mit Aloha-Spirit: LomiLomi, Tantra, Yoni Massage, Energiearbeit & mobile Massagen \u2013 inspiriert von Hawaiis Inseln, heilend f\u00fcr K\u00f6rper und Seele.","breadcrumb":{"@id":"https:\/\/manumana.de\/index.php\/massagen-uebersicht\/#breadcrumb"},"inLanguage":"de","potentialAction":[{"@type":"ReadAction","target":["https:\/\/manumana.de\/index.php\/massagen-uebersicht\/"]}]},{"@type":"ImageObject","inLanguage":"de","@id":"https:\/\/manumana.de\/index.php\/massagen-uebersicht\/#primaryimage","url":"https:\/\/manumana.de\/wp-content\/uploads\/2019\/10\/20161025_115111.jpg","contentUrl":"https:\/\/manumana.de\/wp-content\/uploads\/2019\/10\/20161025_115111.jpg","width":5312,"height":2988},{"@type":"BreadcrumbList","@id":"https:\/\/manumana.de\/index.php\/massagen-uebersicht\/#breadcrumb","itemListElement":[{"@type":"ListItem","position":1,"name":"Startseite","item":"https:\/\/manumana.de\/"},{"@type":"ListItem","position":2,"name":"Massagen"}]},{"@type":"WebSite","@id":"https:\/\/manumana.de\/#website","url":"https:\/\/manumana.de\/","name":"ManuMana | time to be","description":"","publisher":{"@id":"https:\/\/manumana.de\/#\/schema\/person\/908ff8c8a0370036dd02c5902e448f8a"},"potentialAction":[{"@type":"SearchAction","target":{"@type":"EntryPoint","urlTemplate":"https:\/\/manumana.de\/?s={search_term_string}"},"query-input":{"@type":"PropertyValueSpecification","valueRequired":true,"valueName":"search_term_string"}}],"inLanguage":"de"},{"@type":["Person","Organization"],"@id":"https:\/\/manumana.de\/#\/schema\/person\/908ff8c8a0370036dd02c5902e448f8a","name":"manu","image":{"@type":"ImageObject","inLanguage":"de","@id":"https:\/\/secure.gravatar.com\/avatar\/661ad3eaf14f9eb2bc2914165f5c9bee1dee89730913874b488f720196987943?s=96&d=wavatar&r=g","url":"https:\/\/secure.gravatar.com\/avatar\/661ad3eaf14f9eb2bc2914165f5c9bee1dee89730913874b488f720196987943?s=96&d=wavatar&r=g","contentUrl":"https:\/\/secure.gravatar.com\/avatar\/661ad3eaf14f9eb2bc2914165f5c9bee1dee89730913874b488f720196987943?s=96&d=wavatar&r=g","caption":"manu"},"logo":{"@id":"https:\/\/secure.gravatar.com\/avatar\/661ad3eaf14f9eb2bc2914165f5c9bee1dee89730913874b488f720196987943?s=96&d=wavatar&r=g"}}]}},"_links":{"self":[{"href":"https:\/\/manumana.de\/index.php\/wp-json\/wp\/v2\/pages\/284","targetHints":{"allow":["GET"]}}],"collection":[{"href":"https:\/\/manumana.de\/index.php\/wp-json\/wp\/v2\/pages"}],"about":[{"href":"https:\/\/manumana.de\/index.php\/wp-json\/wp\/v2\/types\/page"}],"author":[{"embeddable":true,"href":"https:\/\/manumana.de\/index.php\/wp-json\/wp\/v2\/users\/2"}],"replies":[{"embeddable":true,"href":"https:\/\/manumana.de\/index.php\/wp-json\/wp\/v2\/comments?post=284"}],"version-history":[{"count":16,"href":"https:\/\/manumana.de\/index.php\/wp-json\/wp\/v2\/pages\/284\/revisions"}],"predecessor-version":[{"id":1730,"href":"https:\/\/manumana.de\/index.php\/wp-json\/wp\/v2\/pages\/284\/revisions\/1730"}],"wp:attachment":[{"href":"https:\/\/manumana.de\/index.php\/wp-json\/wp\/v2\/media?parent=284"}],"curies":[{"name":"wp","href":"https:\/\/api.w.org\/{rel}","templated":true}]}}